usands digit of 3518?
3
What is the units digit of 1991?
1
What is the units digit of 423?
3
What is the tens digit of 544?
4
What is the units digit of 47071?
1
What is the units digit of 15249?
9
What is the hundreds digit of 8158?
1
What is the tens digit of 7688?
8
What is the tens digit of 3249?
4
What is the thousands digit of 40487?
0
What is the units digit of 6828?
8
What is the tens digit of 2095?
9
What is the tens digit of 30064?
6
What is the units digit of 64?
4
What is the tens digit of 357?
5
What is the tens digit of 4119?
1
What is the hundreds digit of 1517?
5
What is the thousands digit of 1838?
1
What is the hundreds digit of 710?
7
What is the ten thousands digit of 28709?
2
What is the thousands digit of 72893?
2
What is the thousands digit of 3909?
3
What is the units digit of 1046?
6
What is the hundreds digit of 32199?
1
What is the tens digit of 196?
9
What is the units digit of 3015?
5
What is the tens digit of 1124?
2
What is the thousands digit of 7108?
7
What is the tens digit of 1510?
1
What is the hundreds digit of 10198?
1
What is the units digit of 210?
0
What is the units digit of 685?
5
What is the tens digit of 62557?
5
What is the units digit of 555?
5
What is the thousands digit of 6205?
6
What is the hundreds digit of 31063?
0
What is the tens digit of 847?
4
What is the ten thousands digit of 17611?
1
What is the units digit of 826?
6
What is the hundreds digit of 1880?
8
What is the units digit of 23589?
9
What is the tens digit of 652?
5
What is the units digit of 140757?
7
What is the tens digit of 8427?
2
What is the hundreds digit of 9889?
8
What is the thousands digit of 3149?
3
What is the thousands digit of 4273?
4
What is the units digit of 338?
8
What is the hundreds digit of 9176?
1
What is the units digit of 324?
4
What is the tens digit of 5306?
0
What is the tens digit of 15027?
2
What is the tens digit of 14452?
5
What is the units digit of 149615?
5
What is the units digit of 30477?
7
What is the tens digit of 236?
3
What is the units digit of 2067?
7
What is the hundreds digit of 19422?
4
What is the thousands digit of 2151?
2
What is the ten thousands digit of 108890?
0
What is the tens digit of 1469?
6
What is the units digit of 915?
5
What is the thousands digit of 27130?
7
What is the hundreds digit of 4715?
7
What is the thousands digit of 22980?
2
What is the tens digit of 20247?
4
What is the ten thousands digit of 37289?
3
What is the thousands digit of 98864?
8
What is the units digit of 18297?
7
What is the hundreds digit of 155103?
1
What is the tens digit of 16571?
7
What is the hundreds digit of 183?
1
What is the tens digit of 6544?
4
What is the thousands digit of 1971?
1
What is the tens digit of 4346?
4
What is the tens digit of 1687?
8
What is the tens digit of 213?
1
What is the ten thousands digit of 11805?
1
What is the tens digit of 49462?
6
What is the tens digit of 14017?
1
What is the units digit of 2562?
2
What is the thousands digit of 29970?
9
What is the thousands digit of 21796?
1
What is the thousands digit of 17149?
7
What is the hundreds digit of 9230?
2
What is the hundreds digit of 116723?
7
What is the ten thousands digit of 13382?
1
What is the units digit of 37676?
6
What is the tens digit of 3214?
1
What is the hundreds digit of 2121?
1
What is the thousands digit of 3334?
3
What is the hundred thousands digit of 135345?
1
What is the tens digit of 6092?
9
What is the tens digit of 7740?
4
What is the units digit of 1246?
6
What is the tens digit of 1614?
1
What is the tens digit of 7533?
3
What is the units digit of 1648?
8
What is the units digit of 35434?
4
What is the ten thousands digit of 40163?
4
What is the hundreds digit of 35485?
4
What is the hundreds digit of 1153?
1
What is the ten thousands digit of 36558?
3
What is the thousands digit of 3448?
3
What is the ten thousands digit of 90165?
9
What is the tens digit of 2040?
4
What is the tens digit of 14609?
0
What is the tens digit of 925?
2
What is the hundreds digit of 1002?
0
What is the thousands digit of 5916?
5
What is the tens digit of 1141?
4
What is the units digit of 54585?
5
What is the units digit of 33386?
6
What is the units digit of 1319?
9
What is the thousands digit of 2035?
2
What is the hundreds digit of 8052?
0
What is the units digit of 64?
4
What is the ten thousands digit of 12727?
1
What is the thousands digit of 1083?
1
What is the thousands digit of 2298?
2
What is the tens digit of 7143?
4
What is the tens digit of 2926?
2
What is the thousands digit of 23779?
3
What is the units digit of 950?
0
What is the thousands digit of 11183?
1
What is the hundreds digit of 52685?
6
What is the hundreds digit of 649?
6
What is the hundreds digit of 257?
2
What is the units digit of 1318?
8
What is the hundreds digit of 1515?
5
What is the thousands digit of 19994?
9
What is the tens digit of 43532?
3
What is the units digit of 2077?
7
What is the tens digit of 53635?
3
What is the thousands digit of 6425?
6
What is the hundreds digit of 5010?
0
What is the ten thousands digit of 77384?
7
What is the thousands digit of 12681?
2
What is the hundreds digit of 6824?
8
What is the tens digit of 3071?
7
What is the units digit of 15014?
4
What is the hundreds digit of 711?
7
What is the hundreds digit of 4726?
7
What is the hundreds digit of 712?
7
What is the tens digit of 727?
2
What is the thousands digit of 32580?
2
What is the units digit of 29136?
6
What is the hundreds digit of 54477?
4
What is the tens digit of 2330?
3
What is the tens digit of 121?
2
What is the ten thousands digit of 30365?
3
What is the thousands digit of 10348?
0
What is the thousands digit of 37956?
7
What is the tens digit of 957?
5
What is the ten thousands digit of 158695?
5
What is the hundreds digit of 37855?
8
What is the thousands digit of 2958?
2
What is the thousands digit of 1445?
1
What is the hundreds digit of 4142?
1
What is the thousands digit of 31179?
1
What is the tens digit of 51273?
7
What is the hundreds digit of 2331?
3
What is the units digit of 6041?
1
What is the hundreds digit of 750?
7
What is the tens digit of 2904?
0
What is the tens digit of 745?
4
What is the thousands digit of 1041?
1
What is the tens digit of 5150?
5
What is the hundreds digit of 24469?
4
What is the ten thousands digit of 27810?
2
What is the units digit of 656?
6
What is the thousands digit of 1165?
1
What is the hundreds digit of 29946?
9
What is the units digit of 3594?
4
What is the units digit of 417?
7
What is the thousands digit of 2165?
2
What is the units digit of 156893?
3
What is the tens digit of 1206?
0
What is the tens digit of 2279?
7
What is the hundreds digit of 11981?
9
What is the units digit of 91986?
6
What is the ten thousands digit of 19173?
1
What is the hundreds digit of 11500?
5
What is the units digit of 1564?
4
What is the units digit of 609?
9
What is the units digit of 3340?
0
What is the hundreds digit of 1092?
0
What is the units digit of 151?
1
What is the units digit of 1558?
8
What is the hundreds digit of 713?
7
What is the tens digit of 144699?
9
What is the units digit of 1777?
7
What is the hundreds digit of 4466?
4
What is the hundreds digit of 341?
3
What is the tens digit of 4538?
3
What is the hundreds digit of 43998?
9
What is the thousands digit of 9011?
9
What is the tens digit of 7466?
6
What is the tens digit of 38407?
0
What is the thousands digit of 35077?
5
What is the units digit of 18015?
5
What is the units digit of 3293?
3
What is the units digit of 782?
2
What is the tens digit of 14696?
9
What is the tens digit of 2802?
0
What is the ten thousands digit of 14261?
1
What is the hundreds digit of 307?
3
What is the ten thousands digit of 20698?
2
What is the units digit of 51?
1
What is the tens digit of 4025?
2
What is the ten thousands digit of 10798?
1
What is the units digit of 5281?
1
What is the tens digit of 19463?
6
What is the tens digit of 892?
9
What is the hundreds digit of 35932?
9
What is the thousands digit of 3730?
3
What is the ten thousands digit of 53226?
5
What is the units digit of 2740?
0
What is the units digit of 77740?
0
What is the hundreds digit of 2176?
1
What is the thousands digit of 12829?
2
What is the tho